(4/10 - 2783/(-55)).
2, 5
Suppose -4*h - 3*x + 12 = -7*h, 5*h + 2*x = -20. Let v be (-46)/h - 2/(-4). Suppose -3*n + 2*n = -v. List the prime factors of n.
2, 3
Suppose a = -3*v + 4*a + 84, 2*a - 16 = -v. Suppose b = 4*b - v. What are the prime factors of b?
2
Let z(f) be the first derivative of -7*f**2/2 + 5*f - 7. List the prime factors of z(-4).
3, 11
Suppose -4*t - 50 + 234 = 0. Suppose -5*y + 169 + t = 0. What are the prime factors of y?
43
Let r = 0 - 0. What are the prime factors of 0 - r - -13*1?
13
Suppose -11*r = -16*r - 65. Let w = 54 + -31. Let u = r + w. What are the prime factors of u?
2, 5
Let l(v) = v**3 - 10*v**2 + 9*v + 2. Let g be l(9). Let w(q) = q + 2. List the prime factors of w(g).
2
Let f(c) = -2*c - 8. Let b be f(-7). Suppose 3*y = -q + 14, -8*q = -y - 3*q - b. Suppose -38 = -y*v + 26. List the prime factors of v.
2
Let a(c) be the second derivative of -c**3/6 + 3*c**2/2 + c. Let g be a(5). What are the prime factors of 2*(g + 0 + 3)?
2
Let v be 9/27 + (-80)/6. Let t = -4 - v. List the prime factors of t.
3
Suppose 0 = -2*s - 3 + 9. Suppose -18 = -s*y + z + z, -6 = -3*y - 2*z. Suppose -y*r - m + 19 = -0*r, 4*r - 16 = -4*m. What are the prime factors of r?
5
Suppose -3 = -4*d + 1. Let k(q) = -q**3 + q. Let i be k(1). List the prime factors of 3 + i*d/3.
3
Let x(m) = m**2 - 5*m - 8. Let p be x(7). Let d be (-214)/(-14) + p/(-21). What are the prime factors of 12/(-9)*d/(-2)?
2, 5
List the prime factors of (7 + -5)/2*(2 + 24).
2, 13
Suppose -2*f = -1 - 5, 5*o + 4*f = 12. Suppose 0 = 5*i + g - 5, o = -2*i + g - 1 - 4. Suppose -w - 3*w + 28 = i. List the prime factors of w.
7
Let g be (20/6)/((-2)/6). Let c = -7 - g. Let s(l) = 4*l - 1. List the prime factors of s(c).
11
Suppose 108 = 2*y + 5*w, 0 = 5*w - 10. List the prime factors of y.
7
Let f(i) = -i**3 - 3*i**2 + 3*i + 6. Let m = -1 + 1. Suppose m = 5*r + 14 + 6. What are the prime factors of f(r)?
2, 5
Let v be (3/6)/(2/12). Let l be 1/v - (-14)/(-6). List the prime factors of 0 + 15 + l + -2.
11
Let t = 53 + 43. What are the prime factors of t?
2, 3
Suppose 2*l = -5*d - 150 + 1499, 5*d - 1351 = -3*l. List the prime factors of d.
269
Let j(m) = -m**3 + m**2 + 3*m - 1. Let l be j(2). Let u be ((-1)/2)/(l/(-4)). Suppose -16 + 6 = -u*d. List the prime factors of d.
5
Suppose 2*z + 3*j - 1 = 24, -j + 5 = 0. Suppose 0 = 3*v - z*v. Suppose -5*w + 4*w + 6 = v. What are the prime factors of w?
2, 3
Let w = -4 - -17. List the prime factors of w.
13
Let p(v) = -21*v + 9. What are the prime factors of p(-5)?
2, 3, 19
List the prime factors of 1668/20 - (-3)/5.
2, 3, 7
Suppose -2*i + 16 = 2*i. Let t(p) = -i*p - 3 - p - 5*p. What are the prime factors of t(-2)?
17
Let u = 538 - 320. What are the prime factors of u?
2, 109
Suppose r = 6*r - 25. Suppose 0 = -r*g - 3*m + 34, -g = 4*m - 11 - 6. List the prime factors of g.
5
Suppose 5*i = -0*i + 130. List the prime factors of i.
2, 13
Let n = 18 + -17. List the prime factors of (-117)/6*(-1 - n).
3, 13
Suppose -w - 30 = -243. What are the prime factors of w?
3, 71
Let m = 0 - -2. Suppose -m*x - 17 = -61. List the prime factors of x.
2, 11
List the prime factors of 1 + 1 + (-897)/(-13).
71
What are the prime factors of 232/56 - 1/7?
2
Let n = 510 - 340. List the prime factors of n.
2, 5, 17
Let j(t) = 2*t**2 + 3*t - 4. Let k(f) = -f**2 + f + 3. Let p be k(3). What are the prime factors of j(p)?
5
Suppose 24 = 5*n - 2*a - 20, -3*n + 2*a + 28 = 0. Suppose 7*x - n*x = -26. List the prime factors of x.
2, 13
Let l(c) = 3*c**2 + 10*c + 10. Let d be l(-7). Let z = d - 48. Suppose -4*f + 0*f - 3*o + z = 0, -f - 2*o = -11. List the prime factors of f.
3
Suppose 2*s + 0*b + 2*b = -12, -5*b + 26 = -2*s. Let k(w) = -w + 2 - 1 - 2. List the prime factors of k(s).
7
Let n(k) be the first derivative of k**4/4 + 5*k**3/3 + 3*k - 1. Suppose -9*o - 35 = -2*o. List the prime factors of n(o).
3
Let b = -6 - -48. What are the prime factors of b?
2, 3, 7
Suppose 0*b = -b + 3*x + 19, 3*b - 3*x - 51 = 0. Suppose -6*t = -2*t + b. Let d(s) = -s + 1. What are the prime factors of d(t)?
5
Suppose -2*m + 3*w + 19 = 6*w, 5*m - 22 = w. Let j = 12 + -7. Suppose 0 = -2*h + m*f + 9, -j*h = -0*h + 3*f - 7. List the prime factors of h.
2
Let g(l) = -l**3 - 2*l**2 + 3*l - 3. Let f be g(-3). Let m = f - 0. Let j(s) = -2*s - 4. What are the prime factors of j(m)?
2
Suppose 4*s = -4*d - 40 + 328, -2*d = -4*s - 168. What are the prime factors of d?
2, 19
Let v(y) = 9*y + 2. Let b(d) = 4*d + 1. Let a(n) = 5*b(n) - 3*v(n). List the prime factors of a(-3).
2, 5
Suppose 4*c - 3*q = -17, -q + 3*q - 12 = 3*c. Let n be c - (5 - 3 - 9). Let p = -1 + n. List the prime factors of p.
2
Let y(m) = -2*m - 1 - m**2 - 2*m**3 + m + 0. List the prime factors of y(-2).
13
Let i(v) = -2*v**3 - v**2 - 5*v - 7. What are the prime factors of i(-3)?
53
Let g be 356/18 - (-6)/27. Let j = g - 12. Let m(u) = -u**3 + 8*u**2 + 8. What are the prime factors of m(j)?
2
List the prime factors of 4 + 1 + -8 + (-232)/(-2).
113
Let i = 313 + -188. Suppose 12 = o + 5*j - 13, i = 4*o - 5*j. What are the prime factors of o?
2, 3, 5
Let c be (-2)/(-12) - (-174)/36. Suppose -t - 4 = -v, c = -v + 4*t + 15. What are the prime factors of v?
2
What are the prime factors of (-4)/6*(-40*7 - 2)?
2, 47
Let b = -29 + 73. List the prime factors of b.
2, 11
Let k = -49 - -88. List the prime factors of k.
3, 13
Let s = 23 - 11. What are the prime factors of s?
2, 3
Suppose 15 = j + 2*j. Suppose 3*d - 4*d + 5*c = -45, -3*c = -j*d + 137. What are the prime factors of d?
5
Let z(f) = -6*f. Let w(c) = c + 1. Let q(y) = 5*w(y) + z(y). Let x be (-10)/2*8/5. What are the prime factors of q(x)?
13
Suppose -7*p + 55 = -6*p. What are the prime factors of p?
5, 11
Let k = -188 + 633. What are the prime factors of k/35 - 2/(-7)?
13
Suppose 0 = 3*p - p + 3*a - 345, 0 = -a + 1. List the prime factors of p.
3, 19
Suppose 6 = -6*s - 24. Let y(m) be the first derivative of -m**3/3 - 3*m**2 + 3*m - 1. What are the prime factors of y(s)?
2
Suppose -3*g + 4*k + 18 = -37, 0 = g + 5*k - 50. List the prime factors of g.
5
Let b(u) = 36*u**3 + u. Let d be b(-1). Let h = d - -64. Suppose -4*n = -2*f + 11 - h, 2*n = -5*f + 20. What are the prime factors of f?
2
Suppose -3*k + 1071 = 3*y, -5*y + 5*k + 1481 = -344. What are the prime factors of y?
19
Let q = -5 - -1. Let g(p) = 3*p - 3. Let y(o) = o - 2. Let d(v) = q*g(v) + 9*y(v). List the prime factors of d(-5).
3
Suppose -5*y + 4*y = -27. Suppose 0*z - 5*z = -4*o - 87, -y = -z + 4*o. What are the prime factors of z?
3, 5
Suppose 2*m - 12 - 90 = -y, -y = 2. Let n = -37 + m. What are the prime factors of n?
3, 5
Let p = 15 + 8. What are the prime factors of p?
23
Let q(v) = 4*v - 11*v + 1 + 5*v**2 + 4*v. Suppose 6*h - 6 = 3*h. List the prime factors of q(h).
3, 5
Let l = 21 + 0. Suppose -2*a - 10 = 0, 2*n - l - 23 = 4*a. List the prime factors of n.
2, 3
Let v(k) = -k**3 + 7*k**2 + 10*k - 12. Suppose 3*h = 4*n + 2*h - 29, 0 = 2*n + h - 19. Let m be v(n). Suppose -3*l + 8 = -m. List the prime factors of l.
2
Let u = -148 - -292. List the prime factors of u.
2, 3
Let v(m) = m**2 + 3*m - 5. Let g be v(-5). Suppose -g*w - 12 = -3*k - 4, 0 = -w - 1. Let t = 8 - k. List the prime factors of t.
7
Let b(m) = -5*m + 1. What are the prime factors of b(-9)?
2, 23
Suppose 5*y - 63 = 3*q + 35, -3*y + 58 = -q. What are the prime factors of y?
19
Let v = 13 - -191. List the prime factors of v.
2, 3, 17
Let u be 214/14 - 10/35. Let h be ((-27)/u + 3)*5. What are the prime factors of (4/h)/(2/33)?
11
Let j = 108 + -57. Let x = j + -16. List the prime factors of x.
5, 7
Let b(t) = t + 4. List the prime factors of b(4).
2
Let o(n) = n**3 - 26*n**2 + 36*n - 2. What are the prime factors of o(25)?
3, 7, 13
Let l = -135 - -293. List the prime factors of l.
2, 79
Let u be 1*((-2)/(-2) + -1). Suppose u = 3*h - 7 - 14. List the prime factors of h.
7
Suppose 2*h = 3*d + 29, -d + h - 2*h - 13 = 0. Let f(w) = w**3 + 11*w**2 - 4*w. What are the prime factors of f(d)?
2, 11
Let w = 25 + -10. Let s = w + 18. List the prime factors of 4/14 - s/(-7).
5
Let d(k) = -k**2 + 6*k - 1. Let f be d(4). Let j(p) = p**3 - 6*p**2 - 4*p - 10. What are the prime factors of j(f)?
11
Let u(t) = -t**3 + 8*t**2 - 6*t + 9. Let n(d) = d**2 - 5*d + 